culate m(a).
2
Let u(v) = 4*v - 18. Let d(z) = 9*z - 37. Let i(s) = 6*d(s) - 13*u(s). Determine i(-8).
-4
Let b(c) = 2*c**2 + 27*c + 14. Let y(h) = -h**2 - 13*h - 7. Let d(f) = -3*b(f) - 7*y(f). Give d(-8).
-9
Let d(h) = h**3 - 3*h**2 + 2*h - 4. Let s(x) = -9*x + 12. Let n be s(1). What is d(n)?
2
Suppose -8*k + 11*k = 6. Let f(i) = 3 - 3*i**k - 5*i + 3*i**2 + 2*i**2 - 4. Give f(4).
11
Let z(o) = -o + 11. Let m = -10 + 3. Let p(n) be the third derivative of -n**5/60 - n**4/3 - 32*n**2. Let j be p(m). Determine z(j).
4
Let k(n) = -38 - 103*n - 3*n**2 + 95*n + 17 + 4*n**2. Calculate k(9).
-12
Let s(x) = -49*x - 740. Let l be s(-15). Let y(q) = q - 5. Let b(t) = t - 1. Let r(c) = -2*b(c) + y(c). Give r(l).
2
Let q(x) = x**2 + 6*x + 10. Let j be q(-4). Let l(y) = -y**j + 3 - 1 + 0*y**2 + 1 - 4*y. Give l(-6).
-9
Let w be -1 - (-1)/(-6)*-8. Let a(u) be the second derivative of -w*u**3 - 4*u - 3*u**2 + 0. Calculate a(-5).
4
Let a(n) = -n**2 + n. Let s be 0 + (20/(-30) - (-22)/6). Calculate a(s).
-6
Let o be 171/63 - 4/(-14). Let k(p) be the first derivative of 0*p + 1 + 3/2*p**2 - 1/3*p**3. What is k(o)?
0
Let h(o) = o**2 - 4 + 4*o - 1 - 1 + 3. Calculate h(-4).
-3
Let m(t) = -13*t - 25*t**3 - 2*t**2 + 14*t - 2*t. What is m(-1)?
24
Let w be 8/(-22)*1419/258. Let n(u) = -3*u - 4 + 5*u**2 + 2 - 3*u**2. Calculate n(w).
12
Let f(x) = x**3 + 4*x**2 + 3*x - 6. Let y be ((-45)/5)/3 + -6. Let r(m) = -2*m**3 - 9*m**2 - 7*m + 12. Let b(d) = y*f(d) - 4*r(d). Determine b(0).
6
Let u = -2219 + 8879/4. Let r(g) be the first derivative of g + u*g**4 + 0*g**2 - 1/3*g**3 - 1. Determine r(1).
3
Let r(z) = -2*z**2 - 1. Let l(h) = -6*h + 27. Let b be l(5). Let k be 2*(b/3 - -2). What is r(k)?
-9
Let n be 2 - 1*(2 - 1). Let w = n + 4. Let z(d) be the third derivative of -d**6/120 + d**5/15 + d**4/3 - d**3/2 - 3*d**2. Give z(w).
12
Let j(i) = -i**3 - 8*i**2 + 21*i - 1. Let b be j(-10). Let r(o) = o**2 + 11*o - 16. What is r(b)?
-16
Let p(y) = -y**2 - y + 7. Let q(i) = i**2 + 2*i - 7. Let h(b) = 3*p(b) + 2*q(b). Determine h(0).
7
Let j(x) = 24 - 24 + 22*x**2. Determine j(1).
22
Let q(m) = m**3 - 6*m**2 - 6*m - 8. Let r = 980 + -973. Determine q(r).
-1
Let w(z) = -z**2 - 6*z + 3. Let s be w(-5). Let r(u) = -10 - 12*u**2 + s*u**2 + 5*u**2 - 2. Give r(0).
-12
Let n(x) = -11*x**3 - 2*x**2 + 1. Let h = 839 - 840. Give n(h).
10
Let i(g) = -50*g + 395. Let p be i(8). Let j(c) = c**2 + 7*c + 11. Calculate j(p).
1
Let l(u) = -4*u**3 + 3*u**2 + 4*u - 2. Let k(d) = d**3 + d**2 + 2*d - 1. Let s(x) = 3*k(x) - l(x). Calculate s(1).
8
Let h(f) be the second derivative of 4*f**3/3 - 2*f**2 - f. Let o be 7/(-21)*(-17 - -8). Give h(o).
20
Let r(o) = -2*o**2 + 7*o + 7. Let g be r(6). Let v = 21 + g. Let z be (2 - v) + (-18)/6. Let p(t) = 13*t**3 - 2*t**2 + 1. Calculate p(z).
12
Let a be (-6)/(-16)*-4*-2. Let f(h) = 3*h**2 - 2*h + 1. Give f(a).
22
Let z(h) be the second derivative of -h**4/12 - 2*h**3/3 + 3*h**2 - 5*h. Let c = 27 - 25. Let q(r) = -r**2 + r. Let x(y) = c*q(y) - z(y). Give x(5).
-1
Let z be (-2 + 9/(-6))*-2. Let j = z - 3. Let m(y) = -3 + 1 - 5*y - j + 3. What is m(-2)?
7
Let j(u) = -14*u - 74 + 23 + 21 - u**2 + 28. Calculate j(-14).
-2
Let i(b) be the third derivative of -11*b**5/60 + 13*b**4/24 - 23*b**3/6 + 10*b**2. Let v(j) = 4*j**2 - 4*j + 8. Let y(w) = 3*i(w) + 8*v(w). Give y(6).
1
Let w(y) = 8*y**2 - 2*y**2 + y**2 - 14*y + 8 - 5*y**2 - 3*y**2. Give w(-14).
8
Let q(x) = -14*x**3 + x + 1. Let k = 454 + -455. Give q(k).
14
Let v(d) = -6*d**2 + 11*d + 13. Let j(m) = -7*m**2 + 14*m + 15. Let y(h) = 5*j(h) - 6*v(h). Suppose s + 4 = -4*w, -4*s - w + 2*w - 16 = 0. What is y(s)?
-3
Suppose 2*z = 3*j - 0*z - 8, z = 4*j - 9. Let l(p) = p**2 + 2*p - 3. Give l(j).
5
Let d(z) be the third derivative of -z**5/60 - z**4/2 + 5*z**3/2 - 83*z**2. What is d(-13)?
2
Let s(u) = -21*u - 1. Let g(v) = 41*v + 2. Let k(h) = -3*g(h) - 5*s(h). What is k(-1)?
17
Suppose 73 = 30*p + 13. Let o(c) = -c**3 + 4*c**2 - 3*c + 2. Determine o(p).
4
Suppose -2 = 2*x + 8. Let s(w) = w**3 + 5*w**2 - 1. Determine s(x).
-1
Let y(d) be the first derivative of d**4/4 + 7*d**3/3 - d**2/2 + 7*d + 76. Give y(-7).
14
Suppose -6*i = -19*i. Let p(o) = -o**3 + o**2 - 8. Calculate p(i).
-8
Let l(y) = 7*y**2 + 16*y - 6. Let p be l(-3). Let n(d) = -2*d + 2. Determine n(p).
-16
Let v(j) = 0*j**3 + 41*j**2 + 8*j + j**3 + 5*j + 8 - 54*j**2. Determine v(12).
20
Let o(k) = -k**2 - 2*k - 1. Suppose 2*p = -5*f - 9, -3*f - f - 5*p - 14 = 0. Give o(f).
0
Let b(g) = -6*g**3 + g**2 + 2*g + 1. Let o be 5*4/(-4) + 4. Let y be b(o). Let r(z) = -z**2 + 5*z + 5. What is r(y)?
-1
Let s(w) = -w**2 + 5*w - 4*w - 3 + 10. Suppose 4*j - 2*m - 45 = 5, -4*m = 5*j - 95. Suppose 0 = -3*g - 3*q + j - 3, q - 4 = 4*g. Calculate s(g).
7
Let c = 96 + -98. Let g(x) = x + 4*x**2 - x + x + 0*x. What is g(c)?
14
Suppose 2*w - 4*w = -38. Suppose w - 4 = -3*u. Let k(m) = 3*m + 7. Determine k(u).
-8
Let x(o) be the second derivative of -o**4/2 + o**3/6 + o**2/2 + 160*o. Give x(-1).
-6
Let j(v) = 1 + v - 1. Let c be ((-14)/(-119) + 164/(-238))*-7. Give j(c).
4
Suppose -12*w - 25 = -17*w. Let d(z) = z - 1. What is d(w)?
4
Suppose 3*h = -z + 4*h - 25, -4*z + h = 94. Let m = z - -24. Let q(k) = 0*k**3 + 4*k**3 - 1 + 3*k**2 - k**2. What is q(m)?
5
Let o(k) = -2*k**3 + 4*k**2 + 4*k**2 - 4*k**3 + 5*k**3 + 4. Let r be o(8). Let i(z) = z**3 - 3*z**2 - 5*z + 6. Calculate i(r).
2
Let k(h) = h**2 - 11. Suppose r - 35 = -4*r. Suppose -r*m = -4*m - 12. Suppose 0 = m*t - 3*t. Determine k(t).
-11
Let z(o) = -o**3 + o**2 + o - 3. Let g be z(0). Let l(i) = 34*i - 8. Let b(f) = 30*f - 7. Let m(n) = 9*b(n) - 8*l(n). Calculate m(g).
7
Let w(d) = -4*d**2 - 12*d + 19. Let x(v) = -3*v**2 - 8*v + 13. Let u(l) = -5*w(l) + 7*x(l). Suppose -26 + 6 = 5*b. Let a be 92/24 + b/(-24). Calculate u(a).
-4
Let t = 5 - 1. Suppose -2*f + 0*z = 3*z - 13, -t*f = -4*z + 4. Let v(j) = 2*j - j**f - 3 + 7 - j - 4*j. What is v(-5)?
-6
Let o(w) be the third derivative of -w**4/24 + w**3/3 - 61*w**2. Let x(l) = l**3 - 9*l**2 - 11*l + 5. Let m be x(10). Determine o(m).
7
Let g(f) = -2*f**3 - 4*f**2 + 4*f - 3. Let j = 1018 + -1016. Calculate g(j).
-27
Let q(m) = 3 - m - 2 + 2*m. Let h = 270 + -264. Determine q(h).
7
Let p(g) = -g**2 - 8*g - 4. Suppose -3*x = 3*x - 12. Let f be (2/(-4) + 0)*24/x. Determine p(f).
8
Let l(r) be the first derivative of -6*r - 1 + 1/2*r**2 - 1/3*r**3. Calculate l(0).
-6
Let t(q) = 8*q**3 - 10*q**2 + q - 12. Let z(f) = 5*f**3 - 5*f**2 + f - 6. Let n(c) = -3*t(c) + 5*z(c). Let y = -4 - -6. Let u be ((5 - y) + 2)*-1. What is n(u)?
-4
Let g(k) be the second derivative of 0 + 7/6*k**3 + 1/2*k**2 - 24*k. Determine g(-1).
-6
Suppose -2*y - 41 = -45. Let f(u) = -u**2 - u. Let g(h) = -h**3 + 9*h**2 - 3*h + 5. Let k(c) = y*f(c) + g(c). What is k(6)?
11
Let i(v) = -v**2 + 3*v + 12. Let c be i(3). Suppose 3*p = t + 4, -2*p + 2 = 5*t - c. Let l(y) = -y**3 + 4*y**2 - 3*y + 1. Calculate l(p).
3
Let b = 2 + -8. Let c(n) be the second derivative of n**3/6 - n**2/2 + 4*n. Let i(k) = -7*k + 9. Let l(h) = b*c(h) - i(h). What is l(3)?
0
Let f(q) be the second derivative of -q**3/6 - 13*q**2/2 - 96*q. Give f(-13).
0
Suppose 0 = -6*h - 6 + 42. Suppose h*n + 6 = 8*n. Let l(q) = -3*q - 3. Give l(n).
-12
Let d(s) = -2*s - 2. Let u be ((-8)/6)/((-44)/66). Suppose u*i = 7*i. Suppose 4*o - 16 = i, -y + 3*o + 13 = 7*o. Determine d(y).
4
Suppose -5*y - 29 = -9. Suppose -j - 4*i = 2*j - 21, -3*i + 24 = 5*j. Let x(b) = b**3 + 2 + j*b**2 + b**2 - 4*b - b**2. Calculate x(y).
2
Let v(n) = 2*n - 2 - 3*n - 3 - 5. Suppose 4*u - 11 - 13 = 4*w, -4*w = 4*u - 8. Suppose -4*q - u*x - 11 - 1 = 0, x = q - 3. What is v(q)?
-10
Let b(g) = g - 2. Let l = 15 - 14. Let c be (3 - (-19)/l)*1. Suppose o - 6 = k, -5*o + c = 4*k + 1. Calculate b(o).
3
Suppose 5 = -v - 0. Suppose 0 = -y - y + 4. Let j(m) = -3*m**2 + 2*m**2 + 2*m**y - m**3 + 2*m + 6 - 6*m**2. Calculate j(v).
-4
Let c = -7 + 4. Suppose 6*j = 11*j - 5. Let t = j - c. Let s(n) = 2*n**2 - 6*n. What is s(t)?
8
Let d(p) be the first derivative of -3*p**2/2 + p - 43. Suppose 4*n + 16 - 4 = 5*m, 4*m - 12 = 2*n. Determine d(n).
-5
Let c(t) = -2*t + 2. Let r(k) = -2*k**2 - 2*k**2 + 3*k + 12 - 22 + k**3 + 6. Suppose -5*b = -15, l + 2*l - 24 = -5*b. Let g be r(l). Determine c(g).